(1 + -4). What is the tens digit of 3/(-2) + w/g?
3
Suppose -4*o + 5*s + 21 = 0, -o + 14 = 2*o - 2*s. Let i be 2/(o/438*-3). Let d = 108 + i. What is the units digit of d?
5
Let y(n) = -n. Let r be -3*(-6)/(-9) + -22. Let w = r + 22. What is the units digit of y(w)?
2
Suppose -g = -5*q + 9*q - 4593, -1 = -g. What is the hundreds digit of q?
1
Let t(h) be the second derivative of h**4 + h**3/6 - 3*h**2 + 9*h. Let p be t(3). Suppose -p = -2*z - 3*z. What is the tens digit of z?
2
Suppose 4*w - 7 = 1. Let h(x) = x**3 - x**2 + x + 1. Let c be h(w). Suppose -3*r + 4*y = -49, c*r + 3*y = 4*r + 21. What is the tens digit of r?
1
What is the tens digit of 1251*9/36 + 6/(-8)?
1
Let m be 1 + 5/(-6) - 226/(-12). Let c(x) = 8*x**3 - x**2 + x + 2. Let f be c(2). Suppose -y - m = -f. What is the units digit of y?
5
Suppose 21*x + 4774 = 31465. What is the hundreds digit of x?
2
Suppose 15 = 5*c - 0. Let a(y) = -y**2 + 4*y - 2. What is the units digit of a(c)?
1
Suppose -52028 = -28*i - 1572. What is the tens digit of i?
0
Let i = 184 + 1955. What is the units digit of i?
9
Suppose -3*b + 137 = 20. Let h be -25 + 8/4 + -4. Let i = b + h. What is the units digit of i?
2
Suppose 0 = -6*h + 295 + 539. What is the hundreds digit of h?
1
Let s(i) = 98*i**2 + 16*i - 20. What is the tens digit of s(-5)?
5
Suppose -3*g = 4*l - 16153, -5*l = -g + 1516 - 21712. What is the tens digit of l?
3
Suppose 17 = -b + 5*b - 3*j, 5*b - 3*j - 19 = 0. Suppose 5*q + 26 = k, -6 - b = 2*k + 2*q. What is the units digit of k?
1
Suppose -8 = 2*k - 6*k + 2*q, -4*q = -k - 5. Let z(c) = -c**3 + 5*c**2 - 4*c + 2. Let m be z(4). What is the tens digit of m*k/6 + 26?
2
Suppose t + 1405 = v + 238, -2*v - 3*t + 2314 = 0. What is the tens digit of v?
6
Suppose 2*f + 4*r - 9 = 1, 0 = 4*f - 3*r + 24. Let a(z) = 20*z**2 + 11*z + 4. What is the tens digit of a(f)?
5
Suppose 0 = 5*z - 3*c - 2558, -z - 7*c + 526 = -4*c. What is the tens digit of z?
1
Let h = 652 - 250. What is the units digit of h?
2
Let k(s) = -2*s + 12. Let j be k(5). What is the tens digit of -26*(1 - j)*2?
5
Suppose 0 = -21*v - 11643 + 57675. What is the thousands digit of v?
2
Let n(q) = q**3 - 8*q + 7. Let p be n(5). Suppose 19*j = 633 + 1590. Suppose 4*s + j = 3*w, 2*w - s = -3*s + p. What is the units digit of w?
3
What is the hundreds digit of 6/48 + (-30)/(-144)*1185?
2
Suppose 12*x - 8*x - 728 = 0. What is the hundreds digit of x?
1
Let w = 17 - -103. Suppose 4*g + w = -g. Let k = g - -60. What is the units digit of k?
6
Let c(v) = -18 + 10 + 3 + v + 6. Let u be c(-1). Suppose 4*x = -t - u*x + 20, 0 = -4*x + 4. What is the units digit of t?
6
Let n = -16 - -18. Let p(m) = m**2 + 2*m + 2. Let x be p(-2). Suppose -5*z + 2 = -d - d, 0 = x*d + n*z - 12. What is the units digit of d?
4
Suppose 3*m = -5*u + 14, 0 = -0*u - 4*u - 5*m + 6. Let s(f) = f**3 + 4*f**2 - 2*f + 5. What is the tens digit of s(u)?
2
Let c(p) = 3*p**2 - 5*p + 40. What is the hundreds digit of c(11)?
3
Let b(g) = -g**2 - g - 1. Let r(k) = -5*k**3 + 3*k**2 + 5. Let h(w) = 4*b(w) + r(w). Let s be h(-2). Suppose x = 2*x - s. What is the tens digit of x?
4
Suppose 3*x + x + 4 = 0, 5*a = -4*x + 51. Suppose 1 = -5*f + a. What is the tens digit of 18 - (f - (2 + -1))?
1
Let j(d) = -d**3 - 6*d**2 - d + 1. Let v be j(-6). Suppose 0*g = g - 2. Suppose v = -m + g*m. What is the units digit of m?
7
Suppose 4*o - 13 = a - 1, 0 = 2*a. Suppose -5*f - o*p + 965 = 0, 2*f - 367 = -0*f - 5*p. What is the tens digit of f?
9
Suppose u = -3*t, 0 = 5*u + t + 27 + 43. What is the units digit of ((-3)/u)/(1/5)?
1
Let p(f) = -6*f + 12*f + 14 + 7*f - f**2 - 4. Let y = -11 + 21. What is the tens digit of p(y)?
4
Let d be 5*1*-1 + 1. Suppose -132 = 2*b - 35*b. What is the units digit of (b + -5)*3 - d?
1
Let g be 2*19/2 + -3. Suppose 5*z - 3*y + g = 50, 5*y = -15. Suppose -5*b = -u + 8, 4*u - z*b = -0*u + 47. What is the units digit of u?
3
Let o = 1019 + -610. What is the units digit of o?
9
Suppose -21*s = -20703 - 26232. What is the hundreds digit of s?
2
Let f(k) = -k**3 - 6*k**2 - 2*k - 9. Let s be f(-6). Let b be 0/(s - 2) + 64. What is the tens digit of 1 - b/(-1 + -1)?
3
Let y be (-32)/(-14) + (-2)/7. Let t be 3/(-3*y)*38. Let q = 27 + t. What is the units digit of q?
8
Let z = 49 - 121. What is the units digit of (-6104)/z - (-2)/9?
5
Suppose -1344 = -15*g + 1386. What is the units digit of g?
2
Suppose 591*s - 594*s + 1263 = 0. What is the hundreds digit of s?
4
Suppose 2*o + 2*a = -o - 2, -3*a = 2*o + 8. Suppose 5*d = -o*q + q + 2, -4*d = -5*q - 106. What is the units digit of (-40)/6*q/15?
8
Let s be 12 - 12/((-12)/(-3)). Suppose m = 5*z + 3 + 14, -3*m - 5*z = s. Suppose -2*b - 6*v + v + 42 = 0, m*v + 56 = 2*b. What is the units digit of b?
6
Suppose -1000*u + 995*u + 29025 = 0. What is the thousands digit of u?
5
Let o(r) = 327*r**3 - 3*r**2 + 6*r - 4. Let q be o(1). Suppose 3*p - 49 - q = 0. What is the units digit of p?
5
Let q(p) = p**2 - 3*p - 3. Suppose 2*u - 12 = -2*d, u + 3 = -3*d + 1. Suppose 0 = 3*x - 11 - u. What is the tens digit of q(x)?
2
Let q be (40/(-25))/2*-5. Suppose t - q*t = -9. Suppose -5*z - 5*y + 6 = -14, -2*z + 6 = t*y. What is the units digit of z?
6
Let t be (0 - -1) + 5 + 0. Suppose 3*y - y - 2 = 0. Let p = t - y. What is the units digit of p?
5
Let g(w) = -w**2 - 47*w + 5494. What is the thousands digit of g(0)?
5
Let d(w) be the third derivative of -17*w**4/24 + w**3/3 + 3*w**2. Let r be d(-1). Let l = 27 + r. What is the units digit of l?
6
Let q = -4 - -3. Let w be (-33)/(-6) + q/2. Let p = w - -1. What is the units digit of p?
6
Suppose 4*c + 14 = 2*v, -v - 27 = -6*v + 2*c. Let m be -3 + (-1 - -71)/v. Suppose 1 = -5*i + m. What is the units digit of i?
2
Let i(a) be the second derivative of 7/12*a**4 + 1/20*a**5 + 0 + 4*a + 11/2*a**2 + 7/6*a**3. What is the units digit of i(-5)?
6
Suppose 0 = -6*r + 4*r + 6. Suppose -t + 3*n + 5 - 16 = 0, r*t = -4*n + 19. What is the tens digit of 20 + 0 + -1 + t?
2
Let g = 45 + -40. Suppose 0 = -g*j - 2*j + 721. What is the units digit of j?
3
Let j be 3/(-2)*(-230)/15. Suppose 22 = z - j. Suppose -6*g = -135 - z. What is the tens digit of g?
3
Let u(r) = -5*r + 154. Let w be u(0). Suppose 3*o - w = 2*k + 3*k, 3*o + k - 178 = 0. What is the units digit of o?
8
Let h = 544 - 303. What is the hundreds digit of h?
2
Suppose -31 = -4*v + 5*b, -3*v + 4*b = -11 - 13. Suppose 4*r = -2*n + 66, -n = -v*n + 9. What is the tens digit of r?
1
Suppose u - 12 = -2*u. Suppose -3*y - o + 18 = 0, -y - u*o + 9 - 3 = 0. Suppose -q + 7 = y. What is the units digit of q?
1
Let p(x) = x**2 - 21*x - 16. Let g be p(11). Let d = g + 223. Let a = d - 35. What is the tens digit of a?
6
What is the hundreds digit of ((-2)/7 - (-661086)/266)*1?
4
What is the units digit of -2 + 4 - (-2686 + (-6 - -2))?
2
Let h be (-4)/20 + 262/10. Suppose 23*y = h*y - 492. What is the hundreds digit of y?
1
Let y(z) = 7*z**2 - 14*z. Let u(j) = -4*j + 21. Let a be u(4). What is the tens digit of y(a)?
0
Let f be 10/((4/(-8))/(5 - 8)). What is the tens digit of (-24)/f + 644/10?
6
Suppose -12*k + 15*k - 18 = 0. Let l = 6 + k. What is the units digit of l?
2
Suppose -3267 = -19*u + 13225. What is the units digit of u?
8
Let r(l) = -l**3 + 30*l**2 - 37*l + 1. What is the tens digit of r(28)?
3
Suppose -y + 18 = 3*p - 4*y, 3*y = -12. Suppose -p = 2*v - 0, -c - 2*v = 0. What is the tens digit of (-20 - (4 - c))/(-2)?
1
Let i(c) = 3*c**2 - 5. Let j be i(6). What is the hundreds digit of j*1/(3/3)?
1
Let q be 22/11 - 16/1. What is the units digit of (19*-1)/(q/42)?
7
Suppose 37654 = 10*p - 21336. What is the tens digit of p?
9
Let r(k) = -k**3 - 3*k**2 - k + 1. Let l be r(-2). Let n be l/(((-4)/76)/1). Suppose n = u - 37. What is the units digit of u?
6
Suppose 0 = 6*f + 4*f - 10. What is the tens digit of 25 - f - (2 - 2)?
2
Let d(u) = u + 3. Let x(m) = -m. Let q(n) = d(n) - x(n). Let p be q(-3). What is the units digit of ((-16)/12)/2*p?
2
Let v = 14 + -8. Suppose 0 = -r + v*r + 50. What is the units digit of 11/(r/(-8) + -1)?
4
Suppose -2596 = -7*t - 622. What is the hundreds digit of t?
2
Let p(t) = -t**3 + 18*t**2 + t + 20. Let w be (28/(-5) - -5)/((-1)/30). What is the tens digit of p(w)?
3
Suppose 95*p = 5*p + 187290. What is the hundreds digit of 